{"id":67,"date":"2022-08-31T16:20:42","date_gmt":"2022-08-31T16:20:42","guid":{"rendered":"https:\/\/cali.fotodearte.com.br\/?page_id=67"},"modified":"2025-08-19T21:06:30","modified_gmt":"2025-08-19T21:06:30","slug":"quem-somos","status":"publish","type":"page","link":"https:\/\/ilab.eba.ufmg.br\/","title":{"rendered":"O iLab"},"content":{"rendered":"\n<p>O Laborat\u00f3rio de Documenta\u00e7\u00e3o Cient\u00edfica por Imagem da Universidade Federal de Minas Gerais (iLab &#8211; UFMG), localizado no primeiro andar do Centro de Conserva\u00e7\u00e3o e Restaura\u00e7\u00e3o (CECOR) na Escola de Belas Artes, possui como objetivo a gera\u00e7\u00e3o e processamento de imagens t\u00e9cnicas\/cient\u00edficas principalmente de objetos art\u00edsticos. As t\u00e9cnicas de imagem utilizadas pelo ILAB tem por objetivo a produ\u00e7\u00e3o de imagens para fins de arquivo, ou seja, o registro o mais fiel poss\u00edvel do objeto em termos crom\u00e1ticos, forma e textura, bem como s\u00e3o geradas imagens para fins de an\u00e1lise t\u00e9cnica\/cient\u00edfica, onde s\u00e3o utilizadas t\u00e9cnicas, como Fluoresc\u00eancia de Ultravioleta, Infravermelho, Luz Rasante, Luz Reversa, RTI-Reflectance Transformation Imaging, dentre outras. O laborat\u00f3rio tem o car\u00e1ter multiusu\u00e1rio e interdisciplinar, com infraestrutura para reprodu\u00e7\u00e3o de imagens com padr\u00e3o de excel\u00eancia nacional e internacional, realizando atividades de ensino, pesquisa e extens\u00e3o<a href=\"https:\/\/docs.google.com\/spreadsheets\/d\/1-kBNZ8sUOOe87VtCtlf9FXvKZx3D7pmg5q-ps2uccd8\/edit?usp=sharing\">.<\/a><\/p>\n\n\n\n<h2 class=\"wp-block-heading\">V\u00eddeos<\/h2>\n\n\n\n<figure class=\"wp-block-embed is-type-video is-provider-youtube wp-block-embed-youtube wp-embed-aspect-16-9 wp-has-aspect-ratio\"><div class=\"wp-block-embed__wrapper\">\n<iframe loading=\"lazy\" title=\"iLab UFMG - V\u00eddeo Apresenta\u00e7\u00e3o - Maio 2021 - HD\" width=\"625\" height=\"352\" src=\"https:\/\/www.youtube.com\/embed\/QeY6yv71UxA?feature=oembed\" frameborder=\"0\" allow=\"accelerometer; autoplay; clipboard-write; encrypted-media; gyroscope; picture-in-picture; web-share\" referrerpolicy=\"strict-origin-when-cross-origin\" allowfullscreen><\/iframe>\n<\/div><\/figure>\n\n\n\n<figure class=\"wp-block-embed is-type-video is-provider-youtube wp-block-embed-youtube wp-embed-aspect-16-9 wp-has-aspect-ratio\"><div class=\"wp-block-embed__wrapper\">\n<iframe loading=\"lazy\" title=\"Reprovit - iLab - UFMG\" width=\"625\" height=\"352\" src=\"https:\/\/www.youtube.com\/embed\/csGojAwKFDo?feature=oembed\" frameborder=\"0\" allow=\"accelerometer; autoplay; clipboard-write; encrypted-media; gyroscope; picture-in-picture; web-share\" referrerpolicy=\"strict-origin-when-cross-origin\" allowfullscreen><\/iframe>\n<\/div><\/figure>\n\n\n\n<figure class=\"wp-block-embed is-type-video is-provider-youtube wp-block-embed-youtube wp-embed-aspect-16-9 wp-has-aspect-ratio\"><div class=\"wp-block-embed__wrapper\">\n<iframe loading=\"lazy\" title=\"Multiespectral - UFMG - BN - Out2024\" width=\"625\" height=\"352\" src=\"https:\/\/www.youtube.com\/embed\/L3socgsOIj4?feature=oembed\" frameborder=\"0\" allow=\"accelerometer; autoplay; clipboard-write; encrypted-media; gyroscope; picture-in-picture; web-share\" referrerpolicy=\"strict-origin-when-cross-origin\" allowfullscreen><\/iframe>\n<\/div><\/figure>\n\n\n\n<figure class=\"wp-block-embed is-type-video is-provider-youtube wp-block-embed-youtube wp-embed-aspect-16-9 wp-has-aspect-ratio\"><div class=\"wp-block-embed__wrapper\">\n<iframe loading=\"lazy\" title=\"Digitaliza\u00e7\u00e3o - Plantas APCBH - Jul 2015 - HD\" width=\"625\" height=\"352\" src=\"https:\/\/www.youtube.com\/embed\/j9hMg_KMW-s?feature=oembed\" frameborder=\"0\" allow=\"accelerometer; autoplay; clipboard-write; encrypted-media; gyroscope; picture-in-picture; web-share\" referrerpolicy=\"strict-origin-when-cross-origin\" allowfullscreen><\/iframe>\n<\/div><\/figure>\n\n\n\n<p><style>\/*! elementor - v3.7.4 - 31-08-2022 *\/&lt;br \/> .elementor-column .elementor-spacer-inner{height:var(--spacer-size)}.e-container{--container-widget-width:100%}.e-container>.elementor-widget-spacer{width:var(--container-widget-width,var(--spacer-size));-ms-flex-item-align:stretch;align-self:stretch;-ms-flex-negative:0;flex-shrink:0}.e-container>.elementor-widget-spacer>.elementor-widget-container,.e-container>.elementor-widget-spacer>.elementor-widget-container>.elementor-spacer{height:100%}.e-container>.elementor-widget-spacer>.elementor-widget-container>.elementor-spacer>.elementor-spacer-inner{height:var(--container-widget-height,var(--spacer-size))}<\/style><\/p>\n","protected":false},"excerpt":{"rendered":"<p>O Laborat\u00f3rio de Documenta\u00e7\u00e3o Cient\u00edfica por Imagem da Universidade Federal de Minas Gerais (iLab &#8211; UFMG), localizado no primeiro andar do Centro de Conserva\u00e7\u00e3o e Restaura\u00e7\u00e3o (CECOR) na Escola de Belas Artes, possui como objetivo a gera\u00e7\u00e3o e processamento de imagens t\u00e9cnicas\/cient\u00edficas principalmente de objetos art\u00edsticos. As t\u00e9cnicas de imagem utilizadas pelo ILAB tem por [&hellip;]<\/p>\n","protected":false},"author":1,"featured_media":0,"parent":0,"menu_order":0,"comment_status":"closed","ping_status":"closed","template":"","meta":{"footnotes":""},"class_list":["post-67","page","type-page","status-publish","hentry"],"_links":{"self":[{"href":"https:\/\/ilab.eba.ufmg.br\/index.php?rest_route=\/wp\/v2\/pages\/67","targetHints":{"allow":["GET"]}}],"collection":[{"href":"https:\/\/ilab.eba.ufmg.br\/index.php?rest_route=\/wp\/v2\/pages"}],"about":[{"href":"https:\/\/ilab.eba.ufmg.br\/index.php?rest_route=\/wp\/v2\/types\/page"}],"author":[{"embeddable":true,"href":"https:\/\/ilab.eba.ufmg.br\/index.php?rest_route=\/wp\/v2\/users\/1"}],"replies":[{"embeddable":true,"href":"https:\/\/ilab.eba.ufmg.br\/index.php?rest_route=%2Fwp%2Fv2%2Fcomments&post=67"}],"version-history":[{"count":61,"href":"https:\/\/ilab.eba.ufmg.br\/index.php?rest_route=\/wp\/v2\/pages\/67\/revisions"}],"predecessor-version":[{"id":1530,"href":"https:\/\/ilab.eba.ufmg.br\/index.php?rest_route=\/wp\/v2\/pages\/67\/revisions\/1530"}],"wp:attachment":[{"href":"https:\/\/ilab.eba.ufmg.br\/index.php?rest_route=%2Fwp%2Fv2%2Fmedia&parent=67"}],"curies":[{"name":"wp","href":"https:\/\/api.w.org\/{rel}","templated":true}]}}