{"id":1335,"date":"2024-07-29T14:43:08","date_gmt":"2024-07-29T14:43:08","guid":{"rendered":"https:\/\/ilab.eba.ufmg.br\/?page_id=1335"},"modified":"2025-08-19T21:04:28","modified_gmt":"2025-08-19T21:04:28","slug":"artigos","status":"publish","type":"page","link":"https:\/\/ilab.eba.ufmg.br\/?page_id=1335","title":{"rendered":"Artigos"},"content":{"rendered":"\n<p><\/p>\n\n\n\n<hr class=\"wp-block-separator has-alpha-channel-opacity\"\/>\n\n\n\n<p><\/p>\n\n\n\n<h2 class=\"wp-block-heading\">2017<\/h2>\n\n\n\n<p><strong>1 &#8211; <\/strong>Artigo publicado no livro <strong>O Com\u00e9rcio de Marfim no Mundo Atl\u00e2ntico: circula\u00e7\u00e3o e produ\u00e7\u00e3o<\/strong> <strong>(s\u00e9culos XV a XIX)<\/strong> \/ Organiza\u00e7\u00e3o Vanicl\u00e9ia Silva Santos, Eduardo Fran\u00e7a Paiva, Ren\u00e9 Lommez Gomes<\/p>\n\n\n\n<p><strong>Artigo: <\/strong>A fotografia digital como ferramenta de estudo dos marfins nos acervos de Minas Gerais e sua inclus\u00e3o em banco de dados<\/p>\n\n\n\n<p><strong>Autores:<\/strong> Alexandre Cruz Le\u00e3o; Luiz Ant\u00f4nio Cruz Souza; Alexandre Oliveira Costa; Danielle Luce Cardoso; Eduardo Augusto da Silva Leite<\/p>\n\n\n\n<p><strong>Resumo:<\/strong> Na atualidade, com a evolu\u00e7\u00e3o da tecnologia digital dispositivos cada vez mais sofisticados s\u00e3o respons\u00e1veis pela gigantesca gera\u00e7\u00e3o de imagens. Apesar das diferen\u00e7as em qualidade, processos e aparelhos, uma coisa eles t\u00eam em comum: n\u00e3o traduzem a realidade exatamente como ela se apresenta. A maioria dos equipamentos fotogr\u00e1ficos gera imagens com maior contraste e satura\u00e7\u00e3o, uma vez que estas caracter\u00edsticas agradam mais ao ser humano. Desta forma esta pesquisa tem por objetivo gerar imagens dos martins nos acervos de Minas Gerais como eles s\u00e3o de fato, respeitando suas cores e caracter\u00edsticas construtivas. Mas como diferenciar, no meio desta profus\u00e3o de imagens, a que mais se adequam \u00e0 pesquisa cient\u00edfica, reproduzindo o mais fielmente possivel o objeto fotografado? Esta quest\u00e3o gerencia a organiza\u00e7\u00e3o de captura fotogr\u00e1fica dos objetos levantados na pesquisa &#8220;O acervo em marfim luso-afro-oriental no Brasil: pesquisa introdut\u00f3ria nos acervos de MG&#8221;, apoiado pela FAPEMIG. Considerando a diversidade dos acervos visitados e a demanda gerenciada pela pesquisa, a fotografia cient\u00edfica procura registrar a totalidade do objeto; as tipologias de corte e de confec\u00e7\u00e3o; as cores e tons; as marcas de ferramentas e as Linhas de Schreger. Frente a isso, para atingirmos o nosso objetivo s\u00e3o necess\u00e1rios procedimentos pass\u00edveis de reprodu\u00e7\u00e3o sistem\u00e1tica, ou seja, protocolos confi\u00e1veis na gera\u00e7\u00e3o de imagens tratamento e posterior inser\u00e7\u00e3o em um banco de dados alimentado continuamente com as informa\u00e7\u00f5es produzidas em campo, tambem pass\u00edvel de ser compartilhado entre os diversos pesquisadores. Expor a base de dados atrav\u00e9s de uma interface Web de acesso restrito \u00e9 a forma escolhida para disponibiliz\u00e1-la aos pesquisadores do projeto, pois permite a troca de informa\u00e7\u00f5es e sua sistematiza\u00e7\u00e3o, conforme demandado pelo andamento da pesquisa<br>Esta comunica\u00e7\u00e3o almeja uma breve exposi\u00e7\u00e3o de alguns destes protocolos, principalmente no que concerne \u00e0 Documenta\u00e7\u00e3o Cient\u00edfica por imagem e o Gerenciamento da Informa\u00e7\u00e3o no \u00e2mbito do projeto.<\/p>\n\n\n\n<p><strong>Download:<\/strong> <a href=\"https:\/\/ilab.eba.ufmg.br\/wp-content\/uploads\/2022\/10\/Artigo-Fotografia-Digital-Marfins-Leao_Costa_Luce_Leite_Souza_Final_ACL_15_set_cut-1.pdf\" target=\"_blank\" rel=\"noreferrer noopener\">AQUI<\/a><\/p>\n\n\n\n<hr class=\"wp-block-separator has-alpha-channel-opacity\"\/>\n\n\n\n<h2 class=\"wp-block-heading\">2016<\/h2>\n\n\n\n<p><strong>1 &#8211; <\/strong> Artigo publicado no <strong>Boletim do CEIB, vol. 20,<\/strong> <strong>n\u00b0 63<br><\/strong><br><strong>Artigo: <\/strong>Documenta\u00e7\u00e3o Fotogr\u00e1fica de Escultura<\/p>\n\n\n\n<p><strong>Autores: <\/strong>Danielle Luce Cardoso; Alexandre Cruz Le\u00e3o.<br><br><strong>Resumo:<\/strong> Este artigo prop\u00f5e a elabora\u00e7\u00e3o de um guia b\u00e1sico contendo o passo a passo das etapas para a realiza\u00e7\u00e3o de fotografias de bens culturais utilizando luz vis\u00edvel, bem como o processamento das imagens digitais a ser realizado com software espec\u00edfico. Este guia pretende ser de f\u00e1cil entendimento para os profissionais da conserva\u00e7\u00e3o e restaura\u00e7\u00e3o e \u00e1reas afins, de forma que compreendam os equipamentos a serem utilizados, levando em conta, principalmente, as fontes de luz que ir\u00e3o utilizar, as caracter\u00edsticas do objeto e o uso adequado da c\u00e2mera fotogr\u00e1fica digital.<\/p>\n\n\n\n<p><strong>Download:<\/strong> <a href=\"https:\/\/ilab.eba.ufmg.br\/wp-content\/uploads\/2022\/10\/Artigo-Boletim-CEIB-Danielle-Alexandre.pdf\" target=\"_blank\" rel=\"noreferrer noopener\">AQUI<\/a><\/p>\n\n\n\n<p><\/p>\n\n\n\n<hr class=\"wp-block-separator has-alpha-channel-opacity\"\/>\n\n\n\n<h2 class=\"wp-block-heading\">2015<\/h2>\n\n\n\n<p><strong>1 &#8211; <\/strong> Artigo apresentado no <strong>III Encontro Luso-Brasileiro de Conserva\u00e7\u00e3o e Restauro<\/strong><\/p>\n\n\n\n<p><strong>Artigo: <\/strong>Implementa\u00e7\u00e3o de T\u00e9cnica <em>Reflectante Transformation Imaging<\/em> para An\u00e1lise de Superf\u00edcie de Manuscritos Antigos<br><br><strong>Autores: <\/strong>Adriano de Souza Bueno; Patricia Vaz de Mello Lavall; Alexandre Cruz Le\u00e3o; M\u00e1rcia Almada.<\/p>\n\n\n\n<p><strong>Resumo:<\/strong> O presente artigo aborda o processo de implementa\u00e7\u00e3o da t\u00e9cnica Reflectance Transformation Imaging (RTI) que consiste em gerar arquivos de imagem que viabilizam estudos referentes \u00e0 materialidade do bem cultural por meio da an\u00e1lise de sua superficie, via gera\u00e7\u00e3o de mapeamento de textura e visualiza\u00e7\u00e3o em software. Tal m\u00e9todo tem como objetivo dar suporte cientifico ao projeto de pesquisa &#8220;Produ\u00e7\u00e3o e uso de documentos manuscritos adornados no s\u00e9culo XVIII em Minas Gerais&#8221;.<\/p>\n\n\n\n<p><strong>Download:<\/strong> <a href=\"https:\/\/ilab.eba.ufmg.br\/wp-content\/uploads\/2022\/10\/ARTIGO_RTI_ECR2015_PRONTO-1.pdf\" target=\"_blank\" rel=\"noreferrer noopener\">AQUI<\/a><\/p>\n\n\n\n<p><strong>2 &#8211; <\/strong> Artigo apresentado no <strong>III Encontro Luso-Brasileiro de Conserva\u00e7\u00e3o e Restauro<\/strong><br><br><strong>Artigo:<\/strong> Fotografia Digital de Bens Culturais Utilizando Luz Vis\u00edvel: Um guia b\u00e1sico<\/p>\n\n\n\n<p><strong>Autores: <\/strong>Danielle Luce Cardoso; Alexandre Cruz Le\u00e3o.<br><br><strong>Resumo:<\/strong> Este trabalho prop\u00f5e a elabora\u00e7\u00e3o de um guia b\u00e1sico para fotografia de bens culturais utilizando luz vis\u00edvel, contendo o passo a passo das etapas. Este guia pretende ser de f\u00e1cil entendimento para os profissionais da \u00e1rea de conserva\u00e7\u00e3o e restaura\u00e7\u00e3o, fazendo com que conhe\u00e7am bem os equipamentos a serem utilizados, levando em conta, principalmente, as fontes de luz que ir\u00e3o utilizar, as caracter\u00edsticas do objeto e o uso correto da c\u00e2mera fotogr\u00e1fica digital.<\/p>\n\n\n\n<p><strong>Download: <\/strong><a href=\"https:\/\/ilab.eba.ufmg.br\/wp-content\/uploads\/2022\/10\/Artigo-Luso-Brasil-Danielle-Luce-Alexandre-Leao_2015_oct_13_final.pdf\" target=\"_blank\" rel=\"noreferrer noopener\">AQUI<\/a><\/p>\n\n\n\n<hr class=\"wp-block-separator has-alpha-channel-opacity\"\/>\n\n\n\n<h2 class=\"wp-block-heading\">2014<\/h2>\n\n\n\n<p><strong>1 &#8211;<\/strong> Artigo publicado no livro <strong>CI\u00caNCIAS DO PATRIM\u00d4NIO: Horizontes Transdisciplinares<\/strong><\/p>\n\n\n\n<p><strong>Artigo:<\/strong> Documenta\u00e7\u00e3o Cient\u00edfica por Imagem de bens culturais: compet\u00eancias e desafios<\/p>\n\n\n\n<p><strong>Autor:<\/strong> Alexandre Cruz Le\u00e3o.<br><strong>Resumo:<\/strong> Este trabalho prop\u00f5e apresentar as t\u00e9cnicas, mais utilizadas atualmente, de Documenta\u00e7\u00e3o Cient\u00edfica por Imagem na \u00e1rea de Conserva\u00e7\u00e3o e Restaura\u00e7\u00e3o no \u00e2mbito do Curso de Conserva\u00e7\u00e3o &#8211; Restaura\u00e7\u00e3o de Bens Culturais M\u00f3veis da Escola de Belas Artes &#8211; UFMG. Ser\u00e3o tamb\u00e9m objeto de discuss\u00e3o as compet\u00eancias b\u00e1sicas para a gera\u00e7\u00e3o desse tipo de Documenta\u00e7\u00e3o e os desafios relacionados \u00e0s novas tecnologias.<\/p>\n\n\n\n<p><strong>Download:<\/strong> <a href=\"https:\/\/ilab.eba.ufmg.br\/wp-content\/uploads\/2022\/10\/Artigo_Docum_Cient_Imagem_Competencias-e-Desafios_APM_Alexandre.pdf\" target=\"_blank\" rel=\"noreferrer noopener\">AQUI<\/a><\/p>\n\n\n\n<hr class=\"wp-block-separator has-alpha-channel-opacity\"\/>\n\n\n\n<p><\/p>\n\n\n\n<p>&nbsp;<\/p>\n","protected":false},"excerpt":{"rendered":"<p>2017 1 &#8211; Artigo publicado no livro O Com\u00e9rcio de Marfim no Mundo Atl\u00e2ntico: circula\u00e7\u00e3o e produ\u00e7\u00e3o (s\u00e9culos XV a XIX) \/ Organiza\u00e7\u00e3o Vanicl\u00e9ia Silva Santos, Eduardo Fran\u00e7a Paiva, Ren\u00e9 Lommez Gomes Artigo: A fotografia digital como ferramenta de estudo dos marfins nos acervos de Minas Gerais e sua inclus\u00e3o em banco de dados Autores: [&hellip;]<\/p>\n","protected":false},"author":1,"featured_media":0,"parent":0,"menu_order":0,"comment_status":"closed","ping_status":"closed","template":"","meta":{"footnotes":""},"class_list":["post-1335","page","type-page","status-publish","hentry"],"_links":{"self":[{"href":"https:\/\/ilab.eba.ufmg.br\/index.php?rest_route=\/wp\/v2\/pages\/1335","targetHints":{"allow":["GET"]}}],"collection":[{"href":"https:\/\/ilab.eba.ufmg.br\/index.php?rest_route=\/wp\/v2\/pages"}],"about":[{"href":"https:\/\/ilab.eba.ufmg.br\/index.php?rest_route=\/wp\/v2\/types\/page"}],"author":[{"embeddable":true,"href":"https:\/\/ilab.eba.ufmg.br\/index.php?rest_route=\/wp\/v2\/users\/1"}],"replies":[{"embeddable":true,"href":"https:\/\/ilab.eba.ufmg.br\/index.php?rest_route=%2Fwp%2Fv2%2Fcomments&post=1335"}],"version-history":[{"count":7,"href":"https:\/\/ilab.eba.ufmg.br\/index.php?rest_route=\/wp\/v2\/pages\/1335\/revisions"}],"predecessor-version":[{"id":1528,"href":"https:\/\/ilab.eba.ufmg.br\/index.php?rest_route=\/wp\/v2\/pages\/1335\/revisions\/1528"}],"wp:attachment":[{"href":"https:\/\/ilab.eba.ufmg.br\/index.php?rest_route=%2Fwp%2Fv2%2Fmedia&parent=1335"}],"curies":[{"name":"wp","href":"https:\/\/api.w.org\/{rel}","templated":true}]}}