{"id":1332,"date":"2024-07-29T14:40:08","date_gmt":"2024-07-29T14:40:08","guid":{"rendered":"https:\/\/ilab.eba.ufmg.br\/?page_id=1332"},"modified":"2025-09-10T14:17:41","modified_gmt":"2025-09-10T14:17:41","slug":"videos","status":"publish","type":"page","link":"https:\/\/ilab.eba.ufmg.br\/?page_id=1332","title":{"rendered":"Videos"},"content":{"rendered":"\n<p><strong>Reprovit &#8211; iLab &#8211; Sistema fixo para fotografia em alta qualidade do objetos planos &#8211; nov\/2024<\/strong><\/p>\n\n\n\n<figure class=\"wp-block-embed is-type-video is-provider-youtube wp-block-embed-youtube wp-embed-aspect-16-9 wp-has-aspect-ratio\"><div class=\"wp-block-embed__wrapper\">\n<iframe loading=\"lazy\" title=\"Reprovit - iLab - UFMG\" width=\"625\" height=\"352\" src=\"https:\/\/www.youtube.com\/embed\/csGojAwKFDo?feature=oembed\" frameborder=\"0\" allow=\"accelerometer; autoplay; clipboard-write; encrypted-media; gyroscope; picture-in-picture; web-share\" referrerpolicy=\"strict-origin-when-cross-origin\" allowfullscreen><\/iframe>\n<\/div><\/figure>\n\n\n\n<p><strong>Multiespectral &#8211; Apresenta\u00e7\u00e3o no 22o Curso de Preserva\u00e7\u00e3o de Acervos &#8211; BN &#8211; RJ &#8211; out\/2024<\/strong><\/p>\n\n\n\n<figure class=\"wp-block-embed is-type-video is-provider-youtube wp-block-embed-youtube wp-embed-aspect-16-9 wp-has-aspect-ratio\"><div class=\"wp-block-embed__wrapper\">\n<iframe loading=\"lazy\" title=\"Multiespectral - UFMG - BN - Out2024\" width=\"625\" height=\"352\" src=\"https:\/\/www.youtube.com\/embed\/L3socgsOIj4?feature=oembed\" frameborder=\"0\" allow=\"accelerometer; autoplay; clipboard-write; encrypted-media; gyroscope; picture-in-picture; web-share\" referrerpolicy=\"strict-origin-when-cross-origin\" allowfullscreen><\/iframe>\n<\/div><\/figure>\n\n\n\n<h2 class=\"wp-block-heading\">iLab &#8211; Apresenta\u00e7\u00e3o Geral b\u00e1sica (2011)<\/h2>\n\n\n\n<figure class=\"wp-block-video\"><video height=\"720\" style=\"aspect-ratio: 1280 \/ 720;\" width=\"1280\" controls src=\"https:\/\/ilab.eba.ufmg.br\/wp-content\/uploads\/2024\/07\/iLab-UFMG-Video-Apresentacao-Maio-2021-HD.mp4\"><\/video><\/figure>\n\n\n\n<h2 class=\"wp-block-heading\">Digitaliza\u00e7\u00e3o das Plantas construtivas de Belo Horizonte &#8211; Making Of (2015)<\/h2>\n\n\n\n<figure class=\"wp-block-video\"><video height=\"720\" style=\"aspect-ratio: 1280 \/ 720;\" width=\"1280\" controls src=\"https:\/\/ilab.eba.ufmg.br\/wp-content\/uploads\/2024\/07\/Digitalizacao-Plantas-APCBH-Jul-2015-HD.mp4\"><\/video><\/figure>\n\n\n\n<h2 class=\"wp-block-heading\">Livro: As 22 consagradas leias de marcas (2023)<\/h2>\n\n\n\n<figure class=\"wp-block-video\"><video height=\"720\" style=\"aspect-ratio: 1280 \/ 720;\" width=\"1280\" controls src=\"https:\/\/ilab.eba.ufmg.br\/wp-content\/uploads\/2024\/07\/22-Leis-Das-Marcas-Editado-Compactado-720.mp4\"><\/video><\/figure>\n\n\n\n<h2 class=\"wp-block-heading\">Multiespectral &#8211; Inicia\u00e7\u00e3o Cient\u00edfica &#8211; Kethlin Barroso (2025)<\/h2>\n\n\n\n<div class=\"wp-block-group\"><div class=\"wp-block-group__inner-container is-layout-constrained wp-block-group-is-layout-constrained\">\n<div class=\"wp-block-columns is-layout-flex wp-container-core-columns-is-layout-9d6595d7 wp-block-columns-is-layout-flex\">\n<div class=\"wp-block-column is-layout-flow wp-block-column-is-layout-flow\" style=\"flex-basis:100%\">\n<iframe loading=\"lazy\" width=\"900\" height=\"506\" src=\"https:\/\/www.youtube.com\/embed\/d-YNIPWKuZQ?si=eyw_BGBQbTsPFvdv\" title=\"YouTube video player\" frameborder=\"0\" allow=\"accelerometer; autoplay; clipboard-write; encrypted-media; gyroscope; picture-in-picture; web-share\" referrerpolicy=\"strict-origin-when-cross-origin\" allowfullscreen><\/iframe>\n<\/div>\n<\/div>\n<\/div><\/div>\n\n\n\n<p><\/p>\n","protected":false},"excerpt":{"rendered":"<p>Reprovit &#8211; iLab &#8211; Sistema fixo para fotografia em alta qualidade do objetos planos &#8211; nov\/2024 Multiespectral &#8211; Apresenta\u00e7\u00e3o no 22o Curso de Preserva\u00e7\u00e3o de Acervos &#8211; BN &#8211; RJ &#8211; out\/2024 iLab &#8211; Apresenta\u00e7\u00e3o Geral b\u00e1sica (2011) Digitaliza\u00e7\u00e3o das Plantas construtivas de Belo Horizonte &#8211; Making Of (2015) Livro: As 22 consagradas leias de [&hellip;]<\/p>\n","protected":false},"author":1,"featured_media":0,"parent":0,"menu_order":0,"comment_status":"closed","ping_status":"closed","template":"","meta":{"footnotes":""},"class_list":["post-1332","page","type-page","status-publish","hentry"],"_links":{"self":[{"href":"https:\/\/ilab.eba.ufmg.br\/index.php?rest_route=\/wp\/v2\/pages\/1332","targetHints":{"allow":["GET"]}}],"collection":[{"href":"https:\/\/ilab.eba.ufmg.br\/index.php?rest_route=\/wp\/v2\/pages"}],"about":[{"href":"https:\/\/ilab.eba.ufmg.br\/index.php?rest_route=\/wp\/v2\/types\/page"}],"author":[{"embeddable":true,"href":"https:\/\/ilab.eba.ufmg.br\/index.php?rest_route=\/wp\/v2\/users\/1"}],"replies":[{"embeddable":true,"href":"https:\/\/ilab.eba.ufmg.br\/index.php?rest_route=%2Fwp%2Fv2%2Fcomments&post=1332"}],"version-history":[{"count":13,"href":"https:\/\/ilab.eba.ufmg.br\/index.php?rest_route=\/wp\/v2\/pages\/1332\/revisions"}],"predecessor-version":[{"id":1552,"href":"https:\/\/ilab.eba.ufmg.br\/index.php?rest_route=\/wp\/v2\/pages\/1332\/revisions\/1552"}],"wp:attachment":[{"href":"https:\/\/ilab.eba.ufmg.br\/index.php?rest_route=%2Fwp%2Fv2%2Fmedia&parent=1332"}],"curies":[{"name":"wp","href":"https:\/\/api.w.org\/{rel}","templated":true}]}}